{"id":9621,"date":"2023-01-28T10:00:25","date_gmt":"2023-01-28T16:00:25","guid":{"rendered":"http:\/\/www.productoslatina.mx\/stage\/producto\/kit-chica-por-latina\/"},"modified":"2025-08-06T09:48:42","modified_gmt":"2025-08-06T15:48:42","slug":"kit-chica-por-latina","status":"publish","type":"product","link":"https:\/\/www.productoslatina.mx\/stage\/producto\/kit-chica-por-latina\/","title":{"rendered":"Kit Chica\u00ae por Latina"},"content":{"rendered":"<p>Incluye un sistema de 4 pasos para una rutina f\u00e1cil y pr\u00e1ctica.<\/p>\n<p>1. Lava con shampoo suave.<br \/>\n2. Desenreda con acondicionador.<br \/>\n3. Estiliza con crema para peinar.<br \/>\n4. Dile adi\u00f3s al frizz con Jelly.<\/p>\n","protected":false},"excerpt":{"rendered":"<p>Incluye un sistema de 4 pasos para una rutina f\u00e1cil y pr\u00e1ctica. 1. Lava con shampoo suave. 2. Desenreda con acondicionador. 3. Estiliza con crema para peinar. 4. Dile adi\u00f3s al frizz con Jelly.<\/p>\n","protected":false},"featured_media":9649,"comment_status":"open","ping_status":"closed","template":"","meta":{"_et_pb_use_builder":"","_et_pb_old_content":"","_et_gb_content_width":"","inline_featured_image":false},"product_brand":[],"product_cat":[158],"product_tag":[144,145,138,143],"class_list":{"0":"post-9621","1":"product","2":"type-product","3":"status-publish","4":"has-post-thumbnail","6":"product_cat-chica-por-latina","7":"product_tag-acondicionadores","8":"product_tag-geles","9":"product_tag-mascarillas-capilares","10":"product_tag-shampoos","11":"product_shipping_class-envio-gratis","13":"first","14":"instock","15":"purchasable","16":"product-type-simple"},"aioseo_notices":[],"_links":{"self":[{"href":"https:\/\/www.productoslatina.mx\/stage\/wp-json\/wp\/v2\/product\/9621","targetHints":{"allow":["GET"]}}],"collection":[{"href":"https:\/\/www.productoslatina.mx\/stage\/wp-json\/wp\/v2\/product"}],"about":[{"href":"https:\/\/www.productoslatina.mx\/stage\/wp-json\/wp\/v2\/types\/product"}],"replies":[{"embeddable":true,"href":"https:\/\/www.productoslatina.mx\/stage\/wp-json\/wp\/v2\/comments?post=9621"}],"wp:featuredmedia":[{"embeddable":true,"href":"https:\/\/www.productoslatina.mx\/stage\/wp-json\/wp\/v2\/media\/9649"}],"wp:attachment":[{"href":"https:\/\/www.productoslatina.mx\/stage\/wp-json\/wp\/v2\/media?parent=9621"}],"wp:term":[{"taxonomy":"product_brand","embeddable":true,"href":"https:\/\/www.productoslatina.mx\/stage\/wp-json\/wp\/v2\/product_brand?post=9621"},{"taxonomy":"product_cat","embeddable":true,"href":"https:\/\/www.productoslatina.mx\/stage\/wp-json\/wp\/v2\/product_cat?post=9621"},{"taxonomy":"product_tag","embeddable":true,"href":"https:\/\/www.productoslatina.mx\/stage\/wp-json\/wp\/v2\/product_tag?post=9621"}],"curies":[{"name":"wp","href":"https:\/\/api.w.org\/{rel}","templated":true}]}}