{"id":2753,"date":"2021-05-17T14:09:32","date_gmt":"2021-05-17T19:09:32","guid":{"rendered":"http:\/\/www.productoslatina.mx\/stage\/?post_type=product&#038;p=2753"},"modified":"2025-02-04T07:53:07","modified_gmt":"2025-02-04T13:53:07","slug":"nutricion-intensa-295","status":"publish","type":"product","link":"https:\/\/www.productoslatina.mx\/stage\/producto\/nutricion-intensa-295\/","title":{"rendered":"Mascarilla Nutrici\u00f3n Intensa"},"content":{"rendered":"<p><strong>Mascarilla capilar LATINA. Nutrici\u00f3n Intensa 295grs. Elaborado con Aceite de nuez, arg\u00e1n, coco, zanahoria, ricino, girasol y manteca de karit\u00e9. Frutos Rojos (cereza, ar\u00e1ndanos frambuesa y fresa). <\/strong>Enriquecido con Biotina, Col\u00e1geno, Queratina y Vitamina E. <em>Nutre, fortalece y humecta profundamente. Revitaliza el cabello dej\u00e1ndolo fuerte y saludable. Ideal para cabello quebradizo y opaco.<\/em> El cabello rizado tiende a ser m\u00e1s propenso a resecarse, ya que su curvatura evita que el aceite (producido en la piel cabelluda) llegue a las puntas. Por ello, entre los tratamientos m\u00e1s adecuados para eliminar la resequedad del cabello est\u00e1 la nutrici\u00f3n. La nutrici\u00f3n capilar es el procedimiento encargado de reponer los l\u00edpidos en el cabello. Pero, \u00bfqu\u00e9 son los l\u00edpidos? B\u00e1sicamente, son grasas producidas por las gl\u00e1ndulas seb\u00e1ceas del cuero cabelludo, y su funci\u00f3n es dar una capa protectora a las hebras, dej\u00e1ndolas suaves, flexibles, brillantes y con las cut\u00edculas alineadas. Por lo tanto, nutrir el cabello es fundamental para conseguir que est\u00e9 hidratado, protegido, m\u00e1s bonito y sano. Ingredientes: aqua, cetyl alcohol, peg-40 hydrogenated castor oil (<strong>aceite de ricino<\/strong>), stearic acid,\u00a0 quaternium-22,\u00a0quaternium-70 (and) propylene\u00a0glycol, daucus\u00a0carota sativa seed\u00a0oil (<strong>aceite de zanahoria<\/strong>),<strong>\u00a0<\/strong>caprylic\/capric triglyceride,\u00a0behentrimonium chloride, cetearyl alcohol (and) cetearyl glucoside,\u00a0pplyquaternium\u00a0-10, glycerin,\u00a0hydroxyethyl urea,\u00a0triheptanoin,\u00a0water (and) phospholipids (and) butyrospermum parkii <strong>(manteca de karit\u00e9<\/strong>), cocos nucifera (<strong>aceite de coco<\/strong>), carya illinoinensis (<strong>aceite de nuez<\/strong>), argania spinosa (<strong>aceite de arg\u00e1n<\/strong>), <strong>biotin<\/strong>, tocopheryl acetate (<strong>vitamina E<\/strong>), <strong>collagen<\/strong>, <strong>keratin<\/strong>,\u00a0prunus cerasus (<strong>cereza agria<\/strong>), ciccinium\u00a0oxycoccos (<strong>ar\u00e1ndano<\/strong>), fragaria vesca (<strong>fresas silvestres<\/strong>), rubus idaeus (<strong>frambuesa<\/strong>) , guar hydroxypropyltrimonium chloride,\u00a0helianthus annuus seed oil (<strong>aceite de girasol<\/strong>), phenoxyethanol, caprylyl glycol, decylene glycol, bht,\u00a0tetrasodium edta,\u00a0fragrance, (ci 16255).<\/p>\n","protected":false},"excerpt":{"rendered":"<p><strong>Mascarilla capilar LATINA. Nutrici\u00f3n Intensa.<br \/>\nElaborado con Aceite de nuez, arg\u00e1n, coco, zanahoria, ricino, girasol y manteca de karit\u00e9. Frutos Rojos (cereza, ar\u00e1ndanos frambuesa y fresa).<br \/>\n<\/strong>Enriquecido con Biotina, Col\u00e1geno, Queratina y Vitamina E.<br \/>\n<em>Nutre, fortalece y humecta profundamente. Revitaliza el cabello dej\u00e1ndolo fuerte y saludable. Ideal para cabello quebradizo y opaco.<\/em><\/p>\n","protected":false},"featured_media":7989,"comment_status":"open","ping_status":"closed","template":"","meta":{"_et_pb_use_builder":"off","_et_pb_old_content":"<strong>Mascarilla capilar LATINA. Nutrici\u00f3n Intensa 295grs.\r\nElaborado con Aceite de nuez, arg\u00e1n, coco, zanahoria, ricino, girasol y manteca de karit\u00e9. Frutos Rojos (cereza, ar\u00e1ndanos frambuesa y fresa).\r\n<\/strong>Enriquecido con Biotina, Col\u00e1geno, Queratina y Vitamina E.\r\n<em>Nutre, fortalece y humecta profundamente. Revitaliza el cabello dej\u00e1ndolo fuerte y saludable. Ideal para cabello quebradizo y opaco.<\/em>\r\n\r\nEl cabello rizado tiende a ser m\u00e1s propenso a resecarse, ya que su curvatura evita que el aceite (producido en la piel cabelluda) llegue a las puntas. Por ello, entre los tratamientos m\u00e1s adecuados para eliminar la resequedad del cabello est\u00e1 la nutrici\u00f3n. La nutrici\u00f3n capilar es el procedimiento encargado de reponer los l\u00edpidos en el cabello. Pero, \u00bfqu\u00e9 son los l\u00edpidos? B\u00e1sicamente, son grasas producidas por las gl\u00e1ndulas seb\u00e1ceas del cuero cabelludo, y su funci\u00f3n es dar una capa protectora a las hebras, dej\u00e1ndolas suaves, flexibles, brillantes y con las cut\u00edculas alineadas. Por lo tanto, nutrir el cabello es fundamental para conseguir que est\u00e9 hidratado, protegido, m\u00e1s bonito y sano.\r\n\r\nIngredientes:\r\naqua, cetyl alcohol, peg-40 hydrogenated castor oil (<strong>aceite de ricino<\/strong>), stearic acid,\u00a0 quaternium-22,\u00a0quaternium-70 (and) propylene\u00a0glycol, daucus\u00a0carota sativa seed\u00a0oil (<strong>aceite de zanahoria<\/strong>),<strong>\u00a0<\/strong>caprylic\/capric triglyceride,\u00a0behentrimonium chloride, cetearyl alcohol (and) cetearyl glucoside,\u00a0pplyquaternium\u00a0-10, glycerin,\u00a0hydroxyethyl urea,\u00a0triheptanoin,\u00a0water (and) phospholipids (and) butyrospermum parkii <strong>(manteca de karit\u00e9<\/strong>), cocos nucifera (<strong>aceite de coco<\/strong>), carya illinoinensis (<strong>aceite de nuez<\/strong>), argania spinosa (<strong>aceite de arg\u00e1n<\/strong>), <strong>biotin<\/strong>, tocopheryl acetate (<strong>vitamina E<\/strong>), <strong>collagen<\/strong>, <strong>keratin<\/strong>,\u00a0prunus cerasus (<strong>cereza agria<\/strong>), ciccinium\u00a0oxycoccos (<strong>ar\u00e1ndano<\/strong>), fragaria vesca (<strong>fresas silvestres<\/strong>), rubus idaeus (<strong>frambuesa<\/strong>) , guar hydroxypropyltrimonium chloride,\u00a0helianthus annuus seed oil (<strong>aceite de girasol<\/strong>), phenoxyethanol, caprylyl glycol, decylene glycol, bht,\u00a0tetrasodium edta,\u00a0fragrance, (ci 16255).","_et_gb_content_width":"","inline_featured_image":false},"product_brand":[],"product_cat":[139],"product_tag":[138],"class_list":{"0":"post-2753","1":"product","2":"type-product","3":"status-publish","4":"has-post-thumbnail","6":"product_cat-cronograma","7":"product_tag-mascarillas-capilares","8":"product_shipping_class-estandar","10":"first","11":"instock","12":"purchasable","13":"product-type-simple"},"aioseo_notices":[],"_links":{"self":[{"href":"https:\/\/www.productoslatina.mx\/stage\/wp-json\/wp\/v2\/product\/2753","targetHints":{"allow":["GET"]}}],"collection":[{"href":"https:\/\/www.productoslatina.mx\/stage\/wp-json\/wp\/v2\/product"}],"about":[{"href":"https:\/\/www.productoslatina.mx\/stage\/wp-json\/wp\/v2\/types\/product"}],"replies":[{"embeddable":true,"href":"https:\/\/www.productoslatina.mx\/stage\/wp-json\/wp\/v2\/comments?post=2753"}],"wp:featuredmedia":[{"embeddable":true,"href":"https:\/\/www.productoslatina.mx\/stage\/wp-json\/wp\/v2\/media\/7989"}],"wp:attachment":[{"href":"https:\/\/www.productoslatina.mx\/stage\/wp-json\/wp\/v2\/media?parent=2753"}],"wp:term":[{"taxonomy":"product_brand","embeddable":true,"href":"https:\/\/www.productoslatina.mx\/stage\/wp-json\/wp\/v2\/product_brand?post=2753"},{"taxonomy":"product_cat","embeddable":true,"href":"https:\/\/www.productoslatina.mx\/stage\/wp-json\/wp\/v2\/product_cat?post=2753"},{"taxonomy":"product_tag","embeddable":true,"href":"https:\/\/www.productoslatina.mx\/stage\/wp-json\/wp\/v2\/product_tag?post=2753"}],"curies":[{"name":"wp","href":"https:\/\/api.w.org\/{rel}","templated":true}]}}